{"id":1536,"date":"2025-10-05T23:28:05","date_gmt":"2025-10-05T21:28:05","guid":{"rendered":"https:\/\/mozartcarclassics.com\/home\/?post_type=product&#038;p=1536"},"modified":"2025-10-08T13:56:20","modified_gmt":"2025-10-08T11:56:20","slug":"trockeneis-paket","status":"publish","type":"product","link":"https:\/\/mozartcarclassics.com\/home\/produkt\/trockeneis-paket\/","title":{"rendered":"1000\u202f\u20ac Trockeneis\u2011Paket"},"content":{"rendered":"","protected":false},"excerpt":{"rendered":"<p class=\"p1\">Unterboden &amp; Radh\u00e4user mit Trockeneis gereinigt. Demontage Sto\u00dfstangen\/Schwellerverkleidung. Befund + Fotodoku + Kostenvoranschlag. Festpreis 1.000\u202f\u20ac. Markenoffen, Pkw bis Bj.\u202f2005.<\/p>\n","protected":false},"featured_media":1668,"template":"","meta":{"_acf_changed":false},"product_brand":[],"product_cat":[95],"product_tag":[],"class_list":{"0":"post-1536","1":"product","2":"type-product","3":"status-publish","4":"has-post-thumbnail","6":"product_cat-dienstleistung","8":"first","9":"instock","10":"virtual","11":"taxable","12":"purchasable","13":"product-type-appointment"},"exclude_global_add_ons":[],"addons":[],"acf":[],"yoast_head":"<!-- This site is optimized with the Yoast SEO plugin v27.4 - https:\/\/yoast.com\/product\/yoast-seo-wordpress\/ -->\n<title>1000\u202f\u20ac Trockeneis\u2011Paket - Mozart Car Classics<\/title>\n<meta name=\"robots\" content=\"index, follow, max-snippet:-1, max-image-preview:large, max-video-preview:-1\" \/>\n<link rel=\"canonical\" href=\"https:\/\/mozartcarclassics.com\/home\/produkt\/trockeneis-paket\/\" \/>\n<meta property=\"og:locale\" content=\"de_DE\" \/>\n<meta property=\"og:type\" content=\"article\" \/>\n<meta property=\"og:title\" content=\"1000\u202f\u20ac Trockeneis\u2011Paket - Mozart Car Classics\" \/>\n<meta property=\"og:description\" content=\"Unterboden &amp; Radh\u00e4user mit Trockeneis gereinigt. Demontage Sto\u00dfstangen\/Schwellerverkleidung. Befund + Fotodoku + Kostenvoranschlag. Festpreis 1.000\u202f\u20ac. Markenoffen, Pkw bis Bj.\u202f2005.\" \/>\n<meta property=\"og:url\" content=\"https:\/\/mozartcarclassics.com\/home\/produkt\/trockeneis-paket\/\" \/>\n<meta property=\"og:site_name\" content=\"Mozart Car Classics\" \/>\n<meta property=\"article:modified_time\" content=\"2025-10-08T11:56:20+00:00\" \/>\n<meta property=\"og:image\" content=\"https:\/\/mozartcarclassics.com\/wp-content\/uploads\/2025\/10\/trockeneis-paket-1000-euro-mozartcarclassics.jpeg\" \/>\n\t<meta property=\"og:image:width\" content=\"1024\" \/>\n\t<meta property=\"og:image:height\" content=\"1024\" \/>\n\t<meta property=\"og:image:type\" content=\"image\/jpeg\" \/>\n<meta name=\"twitter:card\" content=\"summary_large_image\" \/>\n<meta name=\"twitter:label1\" content=\"Gesch\u00e4tzte Lesezeit\" \/>\n\t<meta name=\"twitter:data1\" content=\"1\u00a0Minute\" \/>\n<script type=\"application\/ld+json\" class=\"yoast-schema-graph\">{\"@context\":\"https:\\\/\\\/schema.org\",\"@graph\":[{\"@type\":\"WebPage\",\"@id\":\"https:\\\/\\\/mozartcarclassics.com\\\/home\\\/produkt\\\/trockeneis-paket\\\/\",\"url\":\"https:\\\/\\\/mozartcarclassics.com\\\/home\\\/produkt\\\/trockeneis-paket\\\/\",\"name\":\"1000\u202f\u20ac Trockeneis\u2011Paket - Mozart Car Classics\",\"isPartOf\":{\"@id\":\"https:\\\/\\\/mozartcarclassics.com\\\/home\\\/#website\"},\"primaryImageOfPage\":{\"@id\":\"https:\\\/\\\/mozartcarclassics.com\\\/home\\\/produkt\\\/trockeneis-paket\\\/#primaryimage\"},\"image\":{\"@id\":\"https:\\\/\\\/mozartcarclassics.com\\\/home\\\/produkt\\\/trockeneis-paket\\\/#primaryimage\"},\"thumbnailUrl\":\"https:\\\/\\\/mozartcarclassics.com\\\/wp-content\\\/uploads\\\/2025\\\/10\\\/trockeneis-paket-1000-euro-mozartcarclassics.jpeg\",\"datePublished\":\"2025-10-05T21:28:05+00:00\",\"dateModified\":\"2025-10-08T11:56:20+00:00\",\"breadcrumb\":{\"@id\":\"https:\\\/\\\/mozartcarclassics.com\\\/home\\\/produkt\\\/trockeneis-paket\\\/#breadcrumb\"},\"inLanguage\":\"de\",\"potentialAction\":[{\"@type\":\"ReadAction\",\"target\":[\"https:\\\/\\\/mozartcarclassics.com\\\/home\\\/produkt\\\/trockeneis-paket\\\/\"]}]},{\"@type\":\"ImageObject\",\"inLanguage\":\"de\",\"@id\":\"https:\\\/\\\/mozartcarclassics.com\\\/home\\\/produkt\\\/trockeneis-paket\\\/#primaryimage\",\"url\":\"https:\\\/\\\/mozartcarclassics.com\\\/wp-content\\\/uploads\\\/2025\\\/10\\\/trockeneis-paket-1000-euro-mozartcarclassics.jpeg\",\"contentUrl\":\"https:\\\/\\\/mozartcarclassics.com\\\/wp-content\\\/uploads\\\/2025\\\/10\\\/trockeneis-paket-1000-euro-mozartcarclassics.jpeg\",\"width\":1024,\"height\":1024,\"caption\":\"Produktfoto des 1000 \u20ac Trockeneis-Pakets von Mozart Car Classics \u2013 Unterboden & Radh\u00e4user werden gr\u00fcndlich gereinigt und dokumentiert. Klarheit \u00fcber den Zustand deines Fahrzeugs zum Festpreis.\"},{\"@type\":\"BreadcrumbList\",\"@id\":\"https:\\\/\\\/mozartcarclassics.com\\\/home\\\/produkt\\\/trockeneis-paket\\\/#breadcrumb\",\"itemListElement\":[{\"@type\":\"ListItem\",\"position\":1,\"name\":\"Startseite\",\"item\":\"https:\\\/\\\/mozartcarclassics.com\\\/home\\\/\"},{\"@type\":\"ListItem\",\"position\":2,\"name\":\"Shop\",\"item\":\"https:\\\/\\\/mozartcarclassics.com\\\/home\\\/shop\\\/\"},{\"@type\":\"ListItem\",\"position\":3,\"name\":\"1000\u202f\u20ac Trockeneis\u2011Paket\"}]},{\"@type\":\"WebSite\",\"@id\":\"https:\\\/\\\/mozartcarclassics.com\\\/home\\\/#website\",\"url\":\"https:\\\/\\\/mozartcarclassics.com\\\/home\\\/\",\"name\":\"Mozart Car Classics\",\"description\":\"Mercedes Klassiker \u2022 Videos \u2022 Podcast \u2022 Trockeneis-Strahlen \u2022 Rostschutz \u2022 Ersatzteile\",\"publisher\":{\"@id\":\"https:\\\/\\\/mozartcarclassics.com\\\/home\\\/#organization\"},\"potentialAction\":[{\"@type\":\"SearchAction\",\"target\":{\"@type\":\"EntryPoint\",\"urlTemplate\":\"https:\\\/\\\/mozartcarclassics.com\\\/home\\\/?s={search_term_string}\"},\"query-input\":{\"@type\":\"PropertyValueSpecification\",\"valueRequired\":true,\"valueName\":\"search_term_string\"}}],\"inLanguage\":\"de\"},{\"@type\":\"Organization\",\"@id\":\"https:\\\/\\\/mozartcarclassics.com\\\/home\\\/#organization\",\"name\":\"Mozart Car Classics\",\"url\":\"https:\\\/\\\/mozartcarclassics.com\\\/home\\\/\",\"logo\":{\"@type\":\"ImageObject\",\"inLanguage\":\"de\",\"@id\":\"https:\\\/\\\/mozartcarclassics.com\\\/home\\\/#\\\/schema\\\/logo\\\/image\\\/\",\"url\":\"https:\\\/\\\/mozartcarclassics.com\\\/wp-content\\\/uploads\\\/2022\\\/04\\\/mozart_car_classics_icon.png\",\"contentUrl\":\"https:\\\/\\\/mozartcarclassics.com\\\/wp-content\\\/uploads\\\/2022\\\/04\\\/mozart_car_classics_icon.png\",\"width\":960,\"height\":960,\"caption\":\"Mozart Car Classics\"},\"image\":{\"@id\":\"https:\\\/\\\/mozartcarclassics.com\\\/home\\\/#\\\/schema\\\/logo\\\/image\\\/\"}}]}<\/script>\n<!-- \/ Yoast SEO plugin. -->","yoast_head_json":{"title":"1000\u202f\u20ac Trockeneis\u2011Paket - Mozart Car Classics","robots":{"index":"index","follow":"follow","max-snippet":"max-snippet:-1","max-image-preview":"max-image-preview:large","max-video-preview":"max-video-preview:-1"},"canonical":"https:\/\/mozartcarclassics.com\/home\/produkt\/trockeneis-paket\/","og_locale":"de_DE","og_type":"article","og_title":"1000\u202f\u20ac Trockeneis\u2011Paket - Mozart Car Classics","og_description":"Unterboden &amp; Radh\u00e4user mit Trockeneis gereinigt. Demontage Sto\u00dfstangen\/Schwellerverkleidung. Befund + Fotodoku + Kostenvoranschlag. Festpreis 1.000\u202f\u20ac. Markenoffen, Pkw bis Bj.\u202f2005.","og_url":"https:\/\/mozartcarclassics.com\/home\/produkt\/trockeneis-paket\/","og_site_name":"Mozart Car Classics","article_modified_time":"2025-10-08T11:56:20+00:00","og_image":[{"width":1024,"height":1024,"url":"https:\/\/mozartcarclassics.com\/wp-content\/uploads\/2025\/10\/trockeneis-paket-1000-euro-mozartcarclassics.jpeg","type":"image\/jpeg"}],"twitter_card":"summary_large_image","twitter_misc":{"Gesch\u00e4tzte Lesezeit":"1\u00a0Minute"},"schema":{"@context":"https:\/\/schema.org","@graph":[{"@type":"WebPage","@id":"https:\/\/mozartcarclassics.com\/home\/produkt\/trockeneis-paket\/","url":"https:\/\/mozartcarclassics.com\/home\/produkt\/trockeneis-paket\/","name":"1000\u202f\u20ac Trockeneis\u2011Paket - Mozart Car Classics","isPartOf":{"@id":"https:\/\/mozartcarclassics.com\/home\/#website"},"primaryImageOfPage":{"@id":"https:\/\/mozartcarclassics.com\/home\/produkt\/trockeneis-paket\/#primaryimage"},"image":{"@id":"https:\/\/mozartcarclassics.com\/home\/produkt\/trockeneis-paket\/#primaryimage"},"thumbnailUrl":"https:\/\/mozartcarclassics.com\/wp-content\/uploads\/2025\/10\/trockeneis-paket-1000-euro-mozartcarclassics.jpeg","datePublished":"2025-10-05T21:28:05+00:00","dateModified":"2025-10-08T11:56:20+00:00","breadcrumb":{"@id":"https:\/\/mozartcarclassics.com\/home\/produkt\/trockeneis-paket\/#breadcrumb"},"inLanguage":"de","potentialAction":[{"@type":"ReadAction","target":["https:\/\/mozartcarclassics.com\/home\/produkt\/trockeneis-paket\/"]}]},{"@type":"ImageObject","inLanguage":"de","@id":"https:\/\/mozartcarclassics.com\/home\/produkt\/trockeneis-paket\/#primaryimage","url":"https:\/\/mozartcarclassics.com\/wp-content\/uploads\/2025\/10\/trockeneis-paket-1000-euro-mozartcarclassics.jpeg","contentUrl":"https:\/\/mozartcarclassics.com\/wp-content\/uploads\/2025\/10\/trockeneis-paket-1000-euro-mozartcarclassics.jpeg","width":1024,"height":1024,"caption":"Produktfoto des 1000 \u20ac Trockeneis-Pakets von Mozart Car Classics \u2013 Unterboden & Radh\u00e4user werden gr\u00fcndlich gereinigt und dokumentiert. Klarheit \u00fcber den Zustand deines Fahrzeugs zum Festpreis."},{"@type":"BreadcrumbList","@id":"https:\/\/mozartcarclassics.com\/home\/produkt\/trockeneis-paket\/#breadcrumb","itemListElement":[{"@type":"ListItem","position":1,"name":"Startseite","item":"https:\/\/mozartcarclassics.com\/home\/"},{"@type":"ListItem","position":2,"name":"Shop","item":"https:\/\/mozartcarclassics.com\/home\/shop\/"},{"@type":"ListItem","position":3,"name":"1000\u202f\u20ac Trockeneis\u2011Paket"}]},{"@type":"WebSite","@id":"https:\/\/mozartcarclassics.com\/home\/#website","url":"https:\/\/mozartcarclassics.com\/home\/","name":"Mozart Car Classics","description":"Mercedes Klassiker \u2022 Videos \u2022 Podcast \u2022 Trockeneis-Strahlen \u2022 Rostschutz \u2022 Ersatzteile","publisher":{"@id":"https:\/\/mozartcarclassics.com\/home\/#organization"},"potentialAction":[{"@type":"SearchAction","target":{"@type":"EntryPoint","urlTemplate":"https:\/\/mozartcarclassics.com\/home\/?s={search_term_string}"},"query-input":{"@type":"PropertyValueSpecification","valueRequired":true,"valueName":"search_term_string"}}],"inLanguage":"de"},{"@type":"Organization","@id":"https:\/\/mozartcarclassics.com\/home\/#organization","name":"Mozart Car Classics","url":"https:\/\/mozartcarclassics.com\/home\/","logo":{"@type":"ImageObject","inLanguage":"de","@id":"https:\/\/mozartcarclassics.com\/home\/#\/schema\/logo\/image\/","url":"https:\/\/mozartcarclassics.com\/wp-content\/uploads\/2022\/04\/mozart_car_classics_icon.png","contentUrl":"https:\/\/mozartcarclassics.com\/wp-content\/uploads\/2022\/04\/mozart_car_classics_icon.png","width":960,"height":960,"caption":"Mozart Car Classics"},"image":{"@id":"https:\/\/mozartcarclassics.com\/home\/#\/schema\/logo\/image\/"}}]}},"_links":{"self":[{"href":"https:\/\/mozartcarclassics.com\/home\/wp-json\/wp\/v2\/product\/1536","targetHints":{"allow":["GET"]}}],"collection":[{"href":"https:\/\/mozartcarclassics.com\/home\/wp-json\/wp\/v2\/product"}],"about":[{"href":"https:\/\/mozartcarclassics.com\/home\/wp-json\/wp\/v2\/types\/product"}],"version-history":[{"count":1,"href":"https:\/\/mozartcarclassics.com\/home\/wp-json\/wp\/v2\/product\/1536\/revisions"}],"predecessor-version":[{"id":1537,"href":"https:\/\/mozartcarclassics.com\/home\/wp-json\/wp\/v2\/product\/1536\/revisions\/1537"}],"wp:featuredmedia":[{"embeddable":true,"href":"https:\/\/mozartcarclassics.com\/home\/wp-json\/wp\/v2\/media\/1668"}],"wp:attachment":[{"href":"https:\/\/mozartcarclassics.com\/home\/wp-json\/wp\/v2\/media?parent=1536"}],"wp:term":[{"taxonomy":"product_brand","embeddable":true,"href":"https:\/\/mozartcarclassics.com\/home\/wp-json\/wp\/v2\/product_brand?post=1536"},{"taxonomy":"product_cat","embeddable":true,"href":"https:\/\/mozartcarclassics.com\/home\/wp-json\/wp\/v2\/product_cat?post=1536"},{"taxonomy":"product_tag","embeddable":true,"href":"https:\/\/mozartcarclassics.com\/home\/wp-json\/wp\/v2\/product_tag?post=1536"}],"curies":[{"name":"wp","href":"https:\/\/api.w.org\/{rel}","templated":true}]}}